5*k + 1711 = m + 2134, 4*k - m - 338 = 0. Let g = -10 + 15. What is the highest common divisor of k and g?
5
Suppose 3*l = q - 5 - 18, -5*q + 58 = 4*l. Calculate the greatest common divisor of 4382 and q.
14
Suppose 3*i = o + 47518, -2*o + 31684 = -915*i + 917*i. Calculate the greatest common factor of 15 and i.
15
Let d(v) = -v**3 + 7*v**2 - 18*v + 74. Let o be d(5). Suppose -2*h - 2 = 0, 2*w - h + 146 = 385. What is the greatest common factor of w and o?
17
Let c = 28848 - 24178. What is the highest common factor of c and 20?
10
Suppose 47 = 6*o - 313. Suppose 3*q = 3, 3*m - q - 14 - 21 = 0. Calculate the greatest common factor of m and o.
12
Suppose 0*v = -3*v, 5*v = 2*t - 648. Suppose a - 3*o - 282 = -267, 5*a - 126 = -2*o. Calculate the highest common divisor of a and t.
12
Let i(p) = -16*p + 126. Let m be i(4). What is the highest common factor of m and 1054?
62
Let r = 35 + -20. Suppose 24*z = 29*z + r. Let d be z*(1 - (-66)/(-9)). Calculate the greatest common factor of 152 and d.
19
Suppose 442*x - 708 = 436*x. Let i = 217 - x. Calculate the highest common factor of i and 11.
11
Let f(s) = s**2 - 17*s + 18. Let o be f(16). Suppose 0 = -4*h + 5*i + 32, 0 = -31*h + 28*h + o*i + 31. What is the highest common divisor of 104 and h?
13
Let k be (-12)/(-15) + (-66)/(-55). Let v be 2684/8 - 5/(-20)*k. Calculate the greatest common divisor of v and 42.
42
Let t(f) = f**2 + 125*f - 3173. Let i be t(40). Calculate the highest common divisor of i and 92.
23
Suppose 45 = 2*p - r, -4*p + r + 78 = -17. Let x(q) = q**3 - 7*q**2 - 11*q + 7. Let f be x(8). Let d = p - f. Calculate the highest common divisor of d and 84.
42
Suppose 2*s = 5*u - 1963, 3*s - 1598 = -u - 3*u. What is the greatest common factor of u and 5?
5
Suppose 383*j - 483 = 368*j + 567. What is the greatest common factor of j and 1420?
10
Suppose 2177 = -6*r + 293. Let o = -308 - r. What is the highest common factor of o and 28?
2
Suppose 5*r - 335 = 4*q, -r - 2*q + 3*q + 68 = 0. Let m(j) = 30*j - 132. Let h be m(5). Calculate the highest common factor of h and r.
9
Let r(v) = -412*v - 5681. Let h be r(-14). Calculate the highest common factor of 81 and h.
3
Suppose -3*g + 8*g = 930. Suppose 0 = 19*t - 20*t - 4*x + 34, 4*x = 5*t - 2. Calculate the highest common divisor of g and t.
6
Let d(p) = 4*p**3 - 2*p**2 + 2*p - 2. Let z be d(4). Let a be ((-1140)/(-266))/((-177)/(-826)). What is the highest common divisor of a and z?
10
Let i(g) = g**3 - 3*g**2 - 3*g - 3. Let k be i(4). Let p = -348 - -364. Suppose 3*x + a = 20, 0 = -x + 2*a + p. What is the greatest common divisor of k and x?
1
Let j be (-199 + -1)*1/(-2). Let t be (4 + 700/(-180))*18. What is the highest common divisor of t and j?
2
Let b be (1 + -2)/(0 + (-1)/8). Suppose 10*w = b*w + 40. Let h be (w - 19)/(1/9). Calculate the highest common divisor of h and 9.
9
Let z = 28 - 20. Suppose -z*a + 736 = -0*a. Suppose m + 120 = 5*s, 4*s - 22 = -5*m + 45. Calculate the greatest common factor of s and a.
23
Let k(r) = -3*r + 139. Let g be k(0). Let c = 189 - g. What is the highest common divisor of c and 20?
10
Let x(j) = j**2 - 105*j - 112*j + 9*j**3 + 2*j**2 + 2 - 7*j**2 + 207*j. Let c be x(2). Calculate the greatest common divisor of 247 and c.
19
Let n(l) = l + 5. Let o = -5 - -3. Let y be n(o). Let d be 12/(-8)*7/y*-2. What is the highest common divisor of 21 and d?
7
Suppose -38*c = -53*c + 27*c - 624. What is the greatest common divisor of 598 and c?
26
Suppose 4*w - 1087 = 261. Let l = 387 - w. What is the highest common divisor of 75 and l?
25
Let a(z) = -z**2 + 13*z - 34. Let y be a(4). Let n be 6*y/6 + 3. Calculate the greatest common divisor of 1 and n.
1
Let q(l) = -83*l + 71. Let b be q(-5). Calculate the highest common factor of b and 270.
54
Suppose -38*i + 39*i = -3*o + 23, -5*i - 2*o = -128. What is the highest common factor of i and 598?
26
Suppose -272 = 158*a - 159*a. Suppose 3*o + 2*o - 170 = 0. What is the greatest common factor of a and o?
34
Suppose -14*l + 12*l = 4*d + 2, -3*d = -3*l + 69. What is the greatest common divisor of l and 940?
5
Let p = -17055 + 17601. What is the highest common factor of 624 and p?
78
Let c(t) = -20*t + 4. Let f be c(-11). Suppose -11*r = 5*r - f. Calculate the greatest common divisor of 14 and r.
14
Suppose 3*j + 3830 = 2*m, j - 3570 + 13171 = 5*m. What is the greatest common factor of 226 and m?
113
Let c be (10/(-1))/(11/(-242)). Suppose -5*t + 61 = -64. Let z = t + -5. What is the highest common divisor of z and c?
20
Suppose 58*p - 256 = 672. Calculate the greatest common factor of p and 5936.
16
Let a be 2 + 4*(0 + 16). Let m(v) = v**3 - v**2 - 3*v + 12. Suppose -b = 3*b + 10*b. Let q be m(b). Calculate the highest common divisor of a and q.
6
Let y = 153 - 149. Suppose k + 4*d = 76, -10 = -2*d - y. What is the greatest common factor of k and 48?
16
Let q = -908 - -3428. Calculate the highest common factor of q and 240.
120
Let n(u) = -u**2 - 29*u + 104. Let w be (2 + -4)/(11/(1023/6)). Let z be n(w). Calculate the greatest common factor of z and 168.
42
Suppose 19688 + 21976 = 31*z. What is the highest common divisor of 210 and z?
42
Suppose 5 = -3*y + 17. Suppose -88 = y*w - 5*w. What is the greatest common divisor of w and 132?
44
Suppose 9*x - 13 = -4. Let l be (7 + -16)/((-10)/(-4) - x). Let f(k) = -k**3 - 7*k**2 - 12*k - 28. Let h be f(l). What is the greatest common factor of 8 and h?
8
Let f(x) be the first derivative of 14*x**2 - 56*x + 68. Let q be f(6). Calculate the greatest common factor of q and 14.
14
Suppose 865 + 255 = 5*r. Let n = 24414 + -24382. What is the greatest common factor of n and r?
32
Let f(x) = -21*x + 966. Let v be f(39). Calculate the greatest common divisor of 29 and v.
1
Let n(f) = -f**2 + 18*f + 1372. Let r be n(46). Suppose 0 = l - 4*l + 108. Calculate the highest common factor of r and l.
12
Suppose 10506 = -32*u + 35*u. Calculate the greatest common factor of 34 and u.
34
Suppose 0 = 22*u + 55*u - 15810 - 75050. What is the highest common factor of 40 and u?
20
Let x = -66 - -58. Let l(d) = d**2 + 7*d - 2. Let s be l(x). Suppose -3*h - s*h + 324 = 0. What is the greatest common factor of h and 90?
18
Suppose 0 = 65*b - 61*b - 592. Suppose -5*j + b + 57 = 0. Calculate the greatest common factor of 82 and j.
41
Let y = 44 - 100. Let q = -56 - y. Suppose 3*w + g = 3*g + 682, 2*w - 4*g - 468 = q. What is the highest common divisor of w and 28?
28
Let u = 5904 - 2475. What is the highest common factor of 27 and u?
27
Suppose 5*n - 155 = -t, -5*t - 5*n + 443 = -352. Suppose 8*o - 56 - t = 0. What is the highest common divisor of 63 and o?
9
Let w be (-102)/(-9)*(-1 - (-2625)/6). What is the greatest common factor of w and 51?
51
Suppose -38*c + 102*c = -201*c + 1060. Let y(p) = -5*p**2 - 3*p**2 - 1 + 8 - p**3 - 3. Let h be y(-8). Calculate the highest common divisor of h and c.
4
Let s(p) = -2*p + 8. Suppose -4*c - 5*n - 37 = -7, -3*c + 4*n - 7 = 0. Let u be s(c). Calculate the highest common factor of u and 24.
6
Let g = 317 + -63. Let m = -252 + g. Calculate the highest common divisor of 22 and m.
2
Let j(w) = 9*w**2 - 43*w + 253. Let h be j(6). Calculate the greatest common divisor of h and 1160.
29
Let i(l) = 6*l**2 + l + 1. Let z be i(3). Let t = -20627 + 20859. Calculate the highest common divisor of z and t.
58
Let p(n) = -17*n**3 - 2*n**2 + n + 1. Let i be p(-1). Let u be (i/12)/(-5) + (-2570)/(-40). Calculate the highest common factor of u and 2.
2
Let n = 94 - 142. Let x = n - -57. Let g(l) = -l**3 - 2*l + 3. Let v be g(-3). What is the highest common factor of v and x?
9
Let f = 26787 + -26625. What is the greatest common divisor of 8280 and f?
18
Let v be (6/(-4))/((-3)/(-2)). Let w(c) = 27*c**2 + 11*c + 8. Let p be w(v). What is the greatest common divisor of p and 40?
8
Suppose -5*p = -3*d + 7, p - 2*d + 8 = 1. Let y(x) = 25*x**3 - 2*x**2 + 4*x - 3. Let n be y(p). What is the greatest common divisor of n and 48?
24
Let s be (4/3)/((-4)/(-6) - 0). Suppose 0 = 4*b - s*b - 6. Suppose b*y = -15, -241 = -2*h + 5*y - 0*y. Calculate the highest common divisor of 27 and h.
27
Suppose 3*u + 3*o = 18, 2 = -u - 3*o + 8. Suppose z = -3*z. Let w(t) = -t**3 + 3. Let i be w(z). What is the greatest common divisor of i and u?
3
Suppose 